5 - 19?
-32
In base 5, what is 100 + 10?
110
In base 9, what is 0 + -284?
-284
In base 11, what is 7a5 + -4?
7a1
In base 14, what is -a6c + 4?
-a68
In base 2, what is -1010011 + -1110?
-1100001
In base 10, what is 47 - 24?
23
In base 9, what is 45 + 2?
47
In base 16, what is -158 + 3f?
-119
In base 4, what is -13 + -2100?
-2113
In base 9, what is -152 + 7?
-144
In base 9, what is 8 + -17?
-8
In base 15, what is 33 + -d?
25
In base 7, what is 12 - -21?
33
In base 3, what is -12 + 100012?
100000
In base 14, what is -248 - -1?
-247
In base 3, what is 0 - 200001?
-200001
In base 12, what is -37a + -1?
-37b
In base 12, what is a312 + -3?
a30b
In base 14, what is -9d + -4?
-a3
In base 13, what is 1a - -a2?
bc
In base 2, what is -1111110 - 100?
-10000010
In base 5, what is 20240 - 2?
20233
In base 13, what is -4 + 567?
563
In base 9, what is -7481 + -1?
-7482
In base 3, what is -20010 - -21002?
222
In base 5, what is -4 - -110?
101
In base 16, what is 49a + -5?
495
In base 12, what is 41 - 19?
24
In base 10, what is 2 + 92?
94
In base 11, what is -55 + 2?
-53
In base 14, what is -1b - 9c?
-b9
In base 4, what is 10 - -131?
201
In base 13, what is -7 - -10?
6
In base 11, what is 3 + -21?
-19
In base 3, what is -12 - 10012?
-10101
In base 7, what is 405 - 10?
365
In base 6, what is -1424 - 1?
-1425
In base 2, what is 1000 - -11?
1011
In base 2, what is -1 - 100001?
-100010
In base 9, what is -80 + -14?
-104
In base 11, what is 2 - 74?
-72
In base 4, what is -3 + -2123?
-2132
In base 15, what is e + -8?
6
In base 15, what is -bc + -3?
-c0
In base 10, what is -7404 + 5?
-7399
In base 16, what is -105 + 4?
-101
In base 9, what is 4 + -11?
-6
In base 11, what is -1499 - -2?
-1497
In base 16, what is 38f2 - 4?
38ee
In base 9, what is 210 - -5?
215
In base 9, what is -248 + 0?
-248
In base 4, what is -10103 + -11?
-10120
In base 8, what is 266 - -4?
272
In base 12, what is -2 - 5a?
-60
In base 10, what is 1 + -41?
-40
In base 8, what is 167 - -3?
172
In base 15, what is -5 + 10a8?
10a3
In base 7, what is 20 + 335?
355
In base 6, what is 140313 - 5?
140304
In base 14, what is -5 - -740?
739
In base 6, what is -1 + 25034?
25033
In base 16, what is 12 - 16?
-4
In base 3, what is -10000 + 12?
-2211
In base 10, what is 2 - 232?
-230
In base 16, what is a4 - 7?
9d
In base 5, what is -13410 - -1?
-13404
In base 3, what is 10 + 120221?
121001
In base 7, what is 12 + -40?
-25
In base 2, what is 100 - -1000110000000?
1000110000100
In base 12, what is 4 + a2?
a6
In base 3, what is 110 - -1002?
1112
In base 4, what is -2 - 1220?
-1222
In base 15, what is 55 + -3e?
16
In base 3, what is 12 - 20202002?
-20201220
In base 15, what is -3 - ed?
-101
In base 4, what is -121210 - 1?
-121211
In base 16, what is -1b + -3?
-1e
In base 8, what is 34 - 7?
25
In base 13, what is -73 + c?
-64
In base 2, what is -11011001 + 101?
-11010100
In base 9, what is -3 - 43?
-46
In base 15, what is -4 - -167?
163
In base 16, what is 0 + -18?
-18
In base 8, what is -1 - 575?
-576
In base 16, what is -4 + f9?
f5
In base 14, what is -26 - 1d?
-45
In base 3, what is -10202 + -1?
-10210
In base 7, what is 356 - -4?
363
In base 15, what is -2 + 84?
82
In base 13, what is 0 - -a88?
a88
In base 16, what is 539 - -4?
53d
In base 16, what is -2 + -1a3?
-1a5
In base 12, what is 4 + 28?
30
In base 15, what is -5 + -4?
-9
In base 13, what is 560 - 8?
555
In base 9, what is -6 + 127?
121
In base 8, what is 10 - 412?
-402
In base 8, what is -1173 + -4?
-1177
In base 3, what is 120220 + 1110?
122100
In base 16, what is -10 - -37?
27
In base 4, what is 120 - 1332?
-1212
In base 12, what is -249 - -40?
-209
In base 3, what is 1 + 2210?
2211
In base 16, what is 0 + 173?
173
In base 4, what is -13 - -100?
21
In base 9, what is -54 - 5?
-60
In base 5, what is -22223 + 2?
-22221
In base 13, what is -a5 + -4?
-a9
In base 14, what is -bc + 3?
-b9
In base 12, what is -95 - -14a?
75
In base 5, what is 2143 + 0?
2143
In base 4, what is 322 + 3?
331
In base 5, what is -21231 - -4?
-21222
In base 3, what is -12 + 11001121?
11001102
In base 9, what is -15 - 47?
-63
In base 5, what is 2 - -11111?
11113
In base 8, what is -561 + -1?
-562
In base 10, what is -23 + 0?
-23
In base 11, what is 481 - 3?
479
In base 8, what is -17 - -630?
611
In base 15, what is 31 + 9?
3a
In base 8, what is -6 + -152?
-160
In base 6, what is -1 - 314?
-315
In base 5, what is 203 + 113?
321
In base 2, what is 1001001101 - -11?
1001010000
In base 6, what is -112 + 334?
222
In base 3, what is 1022 + -121?
201
In base 12, what is 0 - -1389?
1389
In base 4, what is 3 - -322?
331
In base 8, what is 77 + -10?
67
In base 4, what is -1 + -112?
-113
In base 2, what is 100101 + -110101010?
-110000101
In base 2, what is -100 + -1001001?
-1001101
In base 16, what is 3 + -57?
-54
In base 15, what is 9 - -2?
b
In base 2, what is -10100010 - -1?
-10100001
In base 2, what is 101011101 - 10?
101011011
In base 12, what is -585 - 5?
-58a
In base 3, what is 11212011 + 1?
11212012
In base 12, what is -923 - 5?
-928
In base 6, what is 310 + -13?
253
In base 13, what is 323 - -5?
328
In base 15, what is 18 + -8?
10
In base 9, what is -5 + 20?
14
In base 4, what is -203 - 100?
-303
In base 8, what is -5217 + 1?
-5216
In base 9, what is -11 - -47?
36
In base 16, what is 3a + 1?
3b
In base 12, what is -1 + -74?
-75
In base 11, what is 8 + 16?
23
In base 10, what is -222 - -4?
-218
In base 3, what is -212001 - 1?
-212002
In base 9, what is -138 - 0?
-138
In base 16, what is -1 - 9ab?
-9ac
In base 13, what is 4 - -3?
7
In base 5, what is -12404 + 0?
-12404
In base 5, what is -100 + -12041?
-12141
In base 4, what is 2 - -1001?
1003
In base 13, what is 0 + -15?
-15
In base 4, what is -33 - -3310?
3211
In base 10, what is 1 + -4394?
-4393
In base 3, what is 222012 + 20?
222102
In base 8, what is -31 + -125?
-156
In base 8, what is 2 + -4?
-2
In base 8, what is 222 - 0?
222
In base 2, what is 110 + 111101?
1000011
In base 13, what is -4 - -19?
15
In base 9, what is -3 + -37?
-41
In base 7, what is 10 - 105?
-65
In base 9, what is -5 - -557?
552
In base 2, what is 100 - -111111110?
1000000010
In base 12, what is 9 + 3?
10
In base 13, what is 12 - -39a?
3ac
In base 8, what is 73 + -33?
40
In base 4, what is -133333 + -2?
-200001
In base 14, what is 5 + 0?
5
In base 9, what is -1 + -483?
-484
In base 4, what is 10133 - -2?
10201
In base 7, what is 46615 + 3?
46621
In base 16, what is -15 + -3?
-18
In base 2, what is 111001 - 1001?
110000
In base 9, what is 8263 + 2?
8265
In base 9, what is -28 - -32?
3
In base 3, what is -21221 - 10022?
-102020
In base 11, what is 47 - 2?
45
In base 6, what is -14252 + 1?
-14251
In base 7, what is -1 + 36?
35
In base 14, what is -43 - d?
-52
In base 6, what is 5 - -2323?
2332
In base 13, what is -a - 16?
-23
In base 16, what is -4 - -4e?
4a
In base 13, what is 34 - -21?
55
In base 16, what is -16c2 + 3?
-16bf
In base 2, what is 0 + 101101110?
101101110
In base 4, what is -1200 + -1?
-1201
In base 10, what is -3 - 113?
-116
In base 12, what is 24b - 5?
246
In base 6, what is -1524 + 10?
-1514
In base 13, what is 3 + 48?
4b
In base 14, what is 3 - 1629?
-1626
In base 4, what is 1123300 + 11?
1123311
In base 6, what is -1013 + 215?
-354
In base 4, what is 20 - 1120?
-1100
In base 3, what is 12120 - -12122?
102012
In base 4, what is -3 + 312?
303
In base 4, what is 2 + -321333?
-321331
In base 11, what is 30a + 1?
310
In base 10, what is -55 - 23?
-78
In base 3, what is -12 - -10211?
10122
In base 16, what is 148 - 11?
137
In base 10, what is 15 - -331?
346
In base 2, what is 1010 + 100?
1110
In base 5, what is 1 - -21434?
21440
In base 12, what is -b14 - 3?
-b17
In base 2, what is 101 + 1100001?
1100110
In base 12, what is 9 - a67?
-a5a
In base 5, what is 2 + -21?
-14
In base 3, what is -202001 + 10?
-201221
In base 9, what is -108 - 1?
-110
In base 3, what is 1 - -10?
11
In base 8, what is 17 - 10?
7
In base 6, what is -235 - -3?
-232
In base 14, what is -107 - 12?
-119
In base 2, what is 10001010 + -1?
10001001
In base 6, what is 12221 - 5?
12212
In base 15, what is -5b + 3c?
-1e
In base 9, what is 7356 + -5?
7351
In base 11, what is 4 + 362?
366
In base 13, what is -7 + 1a?
13
In base 11, what is 1909 + -5?
1904
In base 7, what is 432 - -2?
434
